{"id":93,"date":"2016-04-21T12:32:08","date_gmt":"2016-04-21T12:32:08","guid":{"rendered":"http:\/\/grundschule-muehldorf.de\/?page_id=93"},"modified":"2023-07-11T13:18:37","modified_gmt":"2023-07-11T11:18:37","slug":"elternbriefe","status":"publish","type":"page","link":"https:\/\/grundschule-muehldorf.de\/?page_id=93","title":{"rendered":"Elternbriefe"},"content":{"rendered":"\n<div class=\"wp-block-file\"><a id=\"wp-block-file--media-5ecdd16e-aaeb-46c5-a872-491df1f9a72a\" href=\"http:\/\/grundschule-muehldorf.de\/wp-content\/uploads\/2023\/07\/23-07-11-Schuljahresende.pdf\">11.07.2023: Elternbrief zum Schuljahresende<\/a><a href=\"http:\/\/grundschule-muehldorf.de\/wp-content\/uploads\/2023\/07\/23-07-11-Schuljahresende.pdf\" class=\"wp-block-file__button wp-element-button\" download aria-describedby=\"wp-block-file--media-5ecdd16e-aaeb-46c5-a872-491df1f9a72a\">Herunterladen<\/a><\/div>\n\n\n\n<div class=\"wp-block-file\"><a id=\"wp-block-file--media-ea47f6bb-71a9-4cb6-a763-fa4f6920f67d\" href=\"http:\/\/grundschule-muehldorf.de\/wp-content\/uploads\/2023\/05\/23-05-12-Nutzung-von-Handys-und-Smartwatches-in-der-Schule.pdf\">12.05.2023: Nutzung von Handys und Smartwatches in der Schule<\/a><a href=\"http:\/\/grundschule-muehldorf.de\/wp-content\/uploads\/2023\/05\/23-05-12-Nutzung-von-Handys-und-Smartwatches-in-der-Schule.pdf\" class=\"wp-block-file__button wp-element-button\" download aria-describedby=\"wp-block-file--media-ea47f6bb-71a9-4cb6-a763-fa4f6920f67d\">Herunterladen<\/a><\/div>\n\n\n\n<div class=\"wp-block-file\"><a id=\"wp-block-file--media-e680dbea-125f-4b14-b1c1-5d2468490f71\" href=\"http:\/\/grundschule-muehldorf.de\/wp-content\/uploads\/2023\/03\/23-03-15-Neue-Fahrradabstellanlage-Abholung-der-Kinder-aus-der-KoGa.pdf\">15.03.2023: Neue Fahrradabstellanlage \/ Abholung der Kinder aus der KoGa<\/a><a href=\"http:\/\/grundschule-muehldorf.de\/wp-content\/uploads\/2023\/03\/23-03-15-Neue-Fahrradabstellanlage-Abholung-der-Kinder-aus-der-KoGa.pdf\" class=\"wp-block-file__button wp-element-button\" download aria-describedby=\"wp-block-file--media-e680dbea-125f-4b14-b1c1-5d2468490f71\">Herunterladen<\/a><\/div>\n\n\n\n<div class=\"wp-block-file\"><a id=\"wp-block-file--media-76f043e6-ed36-476f-8175-d677c3035795\" href=\"http:\/\/grundschule-muehldorf.de\/wp-content\/uploads\/2023\/02\/23-02-08-Schulfasching.pdf\">08.02.2023 Schulfasching<\/a><a href=\"http:\/\/grundschule-muehldorf.de\/wp-content\/uploads\/2023\/02\/23-02-08-Schulfasching.pdf\" class=\"wp-block-file__button wp-element-button\" download aria-describedby=\"wp-block-file--media-76f043e6-ed36-476f-8175-d677c3035795\">Herunterladen<\/a><\/div>\n\n\n\n<div class=\"wp-block-file\"><a id=\"wp-block-file--media-f8e1cbe4-dc6a-4bfa-96c4-43a822e99ce1\" href=\"http:\/\/grundschule-muehldorf.de\/wp-content\/uploads\/2022\/11\/22-12-08-Christmas-Jumper-Day.pdf\">28.11.2022: Christmas Jumper Day am 8. Dezember 2022<\/a><a href=\"http:\/\/grundschule-muehldorf.de\/wp-content\/uploads\/2022\/11\/22-12-08-Christmas-Jumper-Day.pdf\" class=\"wp-block-file__button wp-element-button\" download aria-describedby=\"wp-block-file--media-f8e1cbe4-dc6a-4bfa-96c4-43a822e99ce1\">Herunterladen<\/a><\/div>\n\n\n\n<div class=\"wp-block-file\"><a id=\"wp-block-file--media-25f5dc77-04bb-441a-88c1-01da090db38d\" href=\"http:\/\/grundschule-muehldorf.de\/wp-content\/uploads\/2022\/11\/22-11-25-Weihnachtsbasteln.pdf\">25.11.2022: Weihnachtsbasteln<\/a><a href=\"http:\/\/grundschule-muehldorf.de\/wp-content\/uploads\/2022\/11\/22-11-25-Weihnachtsbasteln.pdf\" class=\"wp-block-file__button wp-element-button\" download aria-describedby=\"wp-block-file--media-25f5dc77-04bb-441a-88c1-01da090db38d\">Herunterladen<\/a><\/div>\n\n\n\n<div class=\"wp-block-file\"><a id=\"wp-block-file--media-aace3bd7-48d4-4c01-8737-e9caaa704c70\" href=\"http:\/\/grundschule-muehldorf.de\/wp-content\/uploads\/2022\/11\/aktualisierte-Hygienempfehlungen-fuer-Schulen.pdf\">16.11.2022: Coronavirus &#8211; Hygienema\u00dfnahmen an den Schulen in Bayern<\/a><a href=\"http:\/\/grundschule-muehldorf.de\/wp-content\/uploads\/2022\/11\/aktualisierte-Hygienempfehlungen-fuer-Schulen.pdf\" class=\"wp-block-file__button wp-element-button\" download aria-describedby=\"wp-block-file--media-aace3bd7-48d4-4c01-8737-e9caaa704c70\">Herunterladen<\/a><\/div>\n\n\n\n<div class=\"wp-block-file\"><a id=\"wp-block-file--media-4055c92b-89d0-4cec-ba98-4672afc64d3a\" href=\"http:\/\/grundschule-muehldorf.de\/wp-content\/uploads\/2022\/11\/22-11-14-Anmeldung-zum-Elternsprechtag.pdf\">14.11.2022: Einladung und Anmeldung zum Elternsprechtag<\/a><a href=\"http:\/\/grundschule-muehldorf.de\/wp-content\/uploads\/2022\/11\/22-11-14-Anmeldung-zum-Elternsprechtag.pdf\" class=\"wp-block-file__button wp-element-button\" download aria-describedby=\"wp-block-file--media-4055c92b-89d0-4cec-ba98-4672afc64d3a\">Herunterladen<\/a><\/div>\n\n\n\n<div class=\"wp-block-file\"><a id=\"wp-block-file--media-15275bfe-7235-4b59-840a-b621428b1c64\" href=\"http:\/\/grundschule-muehldorf.de\/wp-content\/uploads\/2022\/11\/Mue-Elterneinladung-zur-Uebertrittsveranstaltung-Online-22-232.pdf\">14.11.2022: Einladung zum Informationsabend zum \u00dcbertritt am 22.11.2022<\/a><a href=\"http:\/\/grundschule-muehldorf.de\/wp-content\/uploads\/2022\/11\/Mue-Elterneinladung-zur-Uebertrittsveranstaltung-Online-22-232.pdf\" class=\"wp-block-file__button wp-element-button\" download aria-describedby=\"wp-block-file--media-15275bfe-7235-4b59-840a-b621428b1c64\">Herunterladen<\/a><\/div>\n\n\n\n<div class=\"wp-block-file\"><a id=\"wp-block-file--media-7fa9e4a9-e390-4b38-8f8a-960e9649cddf\" href=\"http:\/\/grundschule-muehldorf.de\/wp-content\/uploads\/2022\/11\/Elternbrief-Ferienbetreuung-2023.pdf\">14.11.2022: Ferienbetreuung der Stadt M\u00fchldorf im Jahr 2023<\/a><a href=\"http:\/\/grundschule-muehldorf.de\/wp-content\/uploads\/2022\/11\/Elternbrief-Ferienbetreuung-2023.pdf\" class=\"wp-block-file__button wp-element-button\" download aria-describedby=\"wp-block-file--media-7fa9e4a9-e390-4b38-8f8a-960e9649cddf\">Herunterladen<\/a><\/div>\n\n\n\n<div class=\"wp-block-file\"><a id=\"wp-block-file--media-be4f7799-4876-4836-86ed-3bf44b97eb98\" href=\"http:\/\/grundschule-muehldorf.de\/wp-content\/uploads\/2022\/11\/Anmeldung-Ferienbetreuung-2.pdf\"><em>14.11.2022: Anlage: Anmeldung zur Ferienbetreuung<\/em><\/a><a href=\"http:\/\/grundschule-muehldorf.de\/wp-content\/uploads\/2022\/11\/Anmeldung-Ferienbetreuung-2.pdf\" class=\"wp-block-file__button wp-element-button\" download aria-describedby=\"wp-block-file--media-be4f7799-4876-4836-86ed-3bf44b97eb98\">Herunterladen<\/a><\/div>\n\n\n\n<div class=\"wp-block-file\"><a id=\"wp-block-file--media-ce632d1d-2e41-4e30-a28c-b590004f762d\" href=\"http:\/\/grundschule-muehldorf.de\/wp-content\/uploads\/2022\/10\/22-10-17-Aktuelle-Informationen.pdf\">17.10.2022: Aktuelle Informationen<\/a><a href=\"http:\/\/grundschule-muehldorf.de\/wp-content\/uploads\/2022\/10\/22-10-17-Aktuelle-Informationen.pdf\" class=\"wp-block-file__button wp-element-button\" download aria-describedby=\"wp-block-file--media-ce632d1d-2e41-4e30-a28c-b590004f762d\">Herunterladen<\/a><\/div>\n\n\n\n<div class=\"wp-block-file\"><a id=\"wp-block-file--media-f93ca2ca-0b92-4500-bbbf-b2f44f1ade1b\" href=\"http:\/\/grundschule-muehldorf.de\/wp-content\/uploads\/2022\/09\/Uebersicht-ueber-die-Hygienemassnahmen-an-Schulen.pdf\">21.09.2022: \u00dcbersicht \u00fcber die Hygienema\u00dfnahmen an Schulen<\/a><a href=\"http:\/\/grundschule-muehldorf.de\/wp-content\/uploads\/2022\/09\/Uebersicht-ueber-die-Hygienemassnahmen-an-Schulen.pdf\" class=\"wp-block-file__button wp-element-button\" download aria-describedby=\"wp-block-file--media-f93ca2ca-0b92-4500-bbbf-b2f44f1ade1b\">Herunterladen<\/a><\/div>\n\n\n\n<div class=\"wp-block-file\"><a id=\"wp-block-file--media-9f538fa7-b901-43f0-b3f6-79bdfa8e3fca\" href=\"http:\/\/grundschule-muehldorf.de\/wp-content\/uploads\/2022\/09\/22-09-20-Wandertag.pdf\">20.09.2022: Wandertag<\/a><a href=\"http:\/\/grundschule-muehldorf.de\/wp-content\/uploads\/2022\/09\/22-09-20-Wandertag.pdf\" class=\"wp-block-file__button wp-element-button\" download aria-describedby=\"wp-block-file--media-9f538fa7-b901-43f0-b3f6-79bdfa8e3fca\">Herunterladen<\/a><\/div>\n\n\n\n<div class=\"wp-block-file\"><a id=\"wp-block-file--media-423162cc-7e02-44a9-a441-4bc9192f6610\" href=\"http:\/\/grundschule-muehldorf.de\/wp-content\/uploads\/2022\/09\/Elternbrief-GS-Mue_2022.pdf\">20.09.2022: Informationen zur Jugendsozialarbeit<\/a><a href=\"http:\/\/grundschule-muehldorf.de\/wp-content\/uploads\/2022\/09\/Elternbrief-GS-Mue_2022.pdf\" class=\"wp-block-file__button wp-element-button\" download aria-describedby=\"wp-block-file--media-423162cc-7e02-44a9-a441-4bc9192f6610\">Herunterladen<\/a><\/div>\n\n\n\n<div class=\"wp-block-file\"><a id=\"wp-block-file--media-9edc118d-0426-4bcd-9c49-215cf89dff62\" href=\"http:\/\/grundschule-muehldorf.de\/wp-content\/uploads\/2022\/09\/22-09-19-Taegliches-Schulfruehstueck-an-der-Schule.pdf\">19.09.2022: T\u00e4gliches Schulfr\u00fchst\u00fcck an der Schule<\/a><a href=\"http:\/\/grundschule-muehldorf.de\/wp-content\/uploads\/2022\/09\/22-09-19-Taegliches-Schulfruehstueck-an-der-Schule.pdf\" class=\"wp-block-file__button wp-element-button\" download aria-describedby=\"wp-block-file--media-9edc118d-0426-4bcd-9c49-215cf89dff62\">Herunterladen<\/a><\/div>\n\n\n\n<div class=\"wp-block-file\"><a id=\"wp-block-file--media-ae6e8686-b75e-43b5-a511-863c2a2cabae\" href=\"http:\/\/grundschule-muehldorf.de\/wp-content\/uploads\/2022\/09\/22-09-09-Ausgabe-von-Selbsttests.pdf\">09.09.2022: Ausgabe von Selbsttests<\/a><a href=\"http:\/\/grundschule-muehldorf.de\/wp-content\/uploads\/2022\/09\/22-09-09-Ausgabe-von-Selbsttests.pdf\" class=\"wp-block-file__button wp-element-button\" download aria-describedby=\"wp-block-file--media-ae6e8686-b75e-43b5-a511-863c2a2cabae\">Herunterladen<\/a><\/div>\n\n\n\n<div class=\"wp-block-file\"><a id=\"wp-block-file--media-0e2487d1-13e0-4e9c-944f-42ed409d1675\" href=\"http:\/\/grundschule-muehldorf.de\/wp-content\/uploads\/2022\/07\/22-07-20-Schuljahresende.pdf\">20.07.2022: Schuljahresende<\/a><a href=\"http:\/\/grundschule-muehldorf.de\/wp-content\/uploads\/2022\/07\/22-07-20-Schuljahresende.pdf\" class=\"wp-block-file__button wp-element-button\" download aria-describedby=\"wp-block-file--media-0e2487d1-13e0-4e9c-944f-42ed409d1675\">Herunterladen<\/a><\/div>\n\n\n\n<div class=\"wp-block-file\"><a id=\"wp-block-file--media-d239f2aa-2dc0-4319-95e9-029758d82948\" href=\"http:\/\/grundschule-muehldorf.de\/wp-content\/uploads\/2022\/07\/22-07-13-ESIS-wird-beendet-Unsere-Nachfolgeloesung.pdf\">13.07.2022: ESIS wird beendet &#8211; Unsere Nachfolgel\u00f6sung<\/a><a href=\"http:\/\/grundschule-muehldorf.de\/wp-content\/uploads\/2022\/07\/22-07-13-ESIS-wird-beendet-Unsere-Nachfolgeloesung.pdf\" class=\"wp-block-file__button wp-element-button\" download aria-describedby=\"wp-block-file--media-d239f2aa-2dc0-4319-95e9-029758d82948\">Herunterladen<\/a><\/div>\n","protected":false},"excerpt":{"rendered":"","protected":false},"author":1,"featured_media":0,"parent":0,"menu_order":0,"comment_status":"closed","ping_status":"closed","template":"","meta":{"footnotes":""},"class_list":["post-93","page","type-page","status-publish","hentry"],"publishpress_future_action":{"enabled":false,"date":"2026-04-21 13:30:36","action":"change-status","newStatus":"draft","terms":[],"taxonomy":"","extraData":[]},"publishpress_future_workflow_manual_trigger":{"enabledWorkflows":[]},"_links":{"self":[{"href":"https:\/\/grundschule-muehldorf.de\/index.php?rest_route=\/wp\/v2\/pages\/93","targetHints":{"allow":["GET"]}}],"collection":[{"href":"https:\/\/grundschule-muehldorf.de\/index.php?rest_route=\/wp\/v2\/pages"}],"about":[{"href":"https:\/\/grundschule-muehldorf.de\/index.php?rest_route=\/wp\/v2\/types\/page"}],"author":[{"embeddable":true,"href":"https:\/\/grundschule-muehldorf.de\/index.php?rest_route=\/wp\/v2\/users\/1"}],"replies":[{"embeddable":true,"href":"https:\/\/grundschule-muehldorf.de\/index.php?rest_route=%2Fwp%2Fv2%2Fcomments&post=93"}],"version-history":[{"count":351,"href":"https:\/\/grundschule-muehldorf.de\/index.php?rest_route=\/wp\/v2\/pages\/93\/revisions"}],"predecessor-version":[{"id":6723,"href":"https:\/\/grundschule-muehldorf.de\/index.php?rest_route=\/wp\/v2\/pages\/93\/revisions\/6723"}],"wp:attachment":[{"href":"https:\/\/grundschule-muehldorf.de\/index.php?rest_route=%2Fwp%2Fv2%2Fmedia&parent=93"}],"curies":[{"name":"wp","href":"https:\/\/api.w.org\/{rel}","templated":true}]}}