{"id":3820,"date":"2020-07-09T09:41:26","date_gmt":"2020-07-09T07:41:26","guid":{"rendered":"http:\/\/grundschule-muehldorf.de\/?page_id=3820"},"modified":"2025-05-22T07:31:36","modified_gmt":"2025-05-22T05:31:36","slug":"unsere-schule-in-zahlen","status":"publish","type":"page","link":"https:\/\/grundschule-muehldorf.de\/?page_id=3820","title":{"rendered":"Unsere Schule in Zahlen"},"content":{"rendered":"\n<p><strong>Das sind wir:<\/strong><\/p>\n\n\n\n<p><\/p>\n\n\n\n<p>485 Sch\u00fclerinnen und Sch\u00fcler<\/p>\n\n\n\n<p>33 hauptamtliche Lehrkr\u00e4fte<\/p>\n\n\n\n<p>3 Mitarbeiter Jugendsozialarbeit an Schulen (JaS)<\/p>\n\n\n\n<p>1 Erzieherin<\/p>\n\n\n\n<p>2 Verwaltungsangestellte<\/p>\n\n\n\n<p>2 Hausmeister<\/p>\n\n\n\n<p>1 Drittkraft zur Sprachf\u00f6rderung<\/p>\n\n\n\n<p>1 P\u00e4dagogische Unterst\u00fctzungskraft<\/p>\n\n\n\n<p>3 Substitutionslehrkr\u00e4fte<\/p>\n\n\n\n<p>1 Lehramtsstudentin<\/p>\n\n\n\n<p>2 Schwimmlehrerinnen<\/p>\n\n\n\n<p>3 ehrenamtliche Lesepatinnen<\/p>\n\n\n\n<p>26 Mitarbeiter(innen) in der Kooperativen Ganztagesbildung<\/p>\n\n\n\n<p>6 externe Kr\u00e4fte der Kooperationspartner in den Ganztagesklassen<\/p>\n\n\n\n<p>3 Praktikantinnen der Fachoberschule Alt\u00f6tting<\/p>\n\n\n\n<p>1 Busaufsicht<\/p>\n\n\n\n<p>2 K\u00fcchenkr\u00e4fte in der Mensa<\/p>\n\n\n\n<p>8 Reinigungskr\u00e4fte<\/p>\n<p>&nbsp;<\/p>\n\n\n\n<p><em>(Stand: 27.11.2024)<\/em><\/p>\n\n\n","protected":false},"excerpt":{"rendered":"<p>Das sind wir: 485 Sch\u00fclerinnen und Sch\u00fcler 33 hauptamtliche Lehrkr\u00e4fte 3 Mitarbeiter Jugendsozialarbeit an Schulen (JaS) 1 Erzieherin 2 Verwaltungsangestellte 2 Hausmeister 1 Drittkraft zur Sprachf\u00f6rderung 1 P\u00e4dagogische Unterst\u00fctzungskraft 3 Substitutionslehrkr\u00e4fte 1 Lehramtsstudentin 2&#46;&#46;&#46;<\/p>\n","protected":false},"author":1,"featured_media":0,"parent":0,"menu_order":0,"comment_status":"closed","ping_status":"closed","template":"","meta":{"footnotes":""},"class_list":["post-3820","page","type-page","status-publish","hentry"],"publishpress_future_action":{"enabled":false,"date":"2026-05-24 18:19:27","action":"change-status","newStatus":"draft","terms":[],"taxonomy":"","extraData":[]},"publishpress_future_workflow_manual_trigger":{"enabledWorkflows":[]},"_links":{"self":[{"href":"https:\/\/grundschule-muehldorf.de\/index.php?rest_route=\/wp\/v2\/pages\/3820","targetHints":{"allow":["GET"]}}],"collection":[{"href":"https:\/\/grundschule-muehldorf.de\/index.php?rest_route=\/wp\/v2\/pages"}],"about":[{"href":"https:\/\/grundschule-muehldorf.de\/index.php?rest_route=\/wp\/v2\/types\/page"}],"author":[{"embeddable":true,"href":"https:\/\/grundschule-muehldorf.de\/index.php?rest_route=\/wp\/v2\/users\/1"}],"replies":[{"embeddable":true,"href":"https:\/\/grundschule-muehldorf.de\/index.php?rest_route=%2Fwp%2Fv2%2Fcomments&post=3820"}],"version-history":[{"count":16,"href":"https:\/\/grundschule-muehldorf.de\/index.php?rest_route=\/wp\/v2\/pages\/3820\/revisions"}],"predecessor-version":[{"id":8191,"href":"https:\/\/grundschule-muehldorf.de\/index.php?rest_route=\/wp\/v2\/pages\/3820\/revisions\/8191"}],"wp:attachment":[{"href":"https:\/\/grundschule-muehldorf.de\/index.php?rest_route=%2Fwp%2Fv2%2Fmedia&parent=3820"}],"curies":[{"name":"wp","href":"https:\/\/api.w.org\/{rel}","templated":true}]}}