{"id":2365,"date":"2018-11-29T07:40:03","date_gmt":"2018-11-29T07:40:03","guid":{"rendered":"http:\/\/grundschule-muehldorf.de\/?page_id=2365"},"modified":"2018-11-29T07:55:15","modified_gmt":"2018-11-29T07:55:15","slug":"schulvertrag","status":"publish","type":"page","link":"https:\/\/grundschule-muehldorf.de\/?page_id=2365","title":{"rendered":"Schulvertrag"},"content":{"rendered":"<p>Unser Schulvertrag beschreibt die Regeln des Zusammenlebens an der Grundschule M\u00fchldorf a.Inn-Altm\u00fchldorf.<br \/>\nDurch ihre Unterschrift best\u00e4tigen Sch\u00fclerinnen und Sch\u00fcler, Eltern und Lehrkr\u00e4fte, dass sie die im Schulvertrag genannten Regeln und Ziele unterst\u00fctzen und umsetzen wollen.<\/p>\n<p>Unseren Schulvertrag k\u00f6nnen Sie downloaden:<\/p>\n<p><a href=\"http:\/\/grundschule-muehldorf.de\/wp-content\/uploads\/2018\/11\/18-03-14-Schulvertrag.pdf\">Schulvertrag<\/a><\/p>\n","protected":false},"excerpt":{"rendered":"<p>Unser Schulvertrag beschreibt die Regeln des Zusammenlebens an der Grundschule M\u00fchldorf a.Inn-Altm\u00fchldorf. Durch ihre Unterschrift best\u00e4tigen Sch\u00fclerinnen und Sch\u00fcler, Eltern und Lehrkr\u00e4fte, dass sie die im Schulvertrag genannten Regeln und Ziele unterst\u00fctzen und umsetzen&#46;&#46;&#46;<\/p>\n","protected":false},"author":1,"featured_media":0,"parent":0,"menu_order":0,"comment_status":"closed","ping_status":"closed","template":"","meta":{"footnotes":""},"class_list":["post-2365","page","type-page","status-publish","hentry"],"publishpress_future_action":{"enabled":false,"date":"2026-05-24 18:19:05","action":"change-status","newStatus":"draft","terms":[],"taxonomy":"","extraData":[]},"publishpress_future_workflow_manual_trigger":{"enabledWorkflows":[]},"_links":{"self":[{"href":"https:\/\/grundschule-muehldorf.de\/index.php?rest_route=\/wp\/v2\/pages\/2365","targetHints":{"allow":["GET"]}}],"collection":[{"href":"https:\/\/grundschule-muehldorf.de\/index.php?rest_route=\/wp\/v2\/pages"}],"about":[{"href":"https:\/\/grundschule-muehldorf.de\/index.php?rest_route=\/wp\/v2\/types\/page"}],"author":[{"embeddable":true,"href":"https:\/\/grundschule-muehldorf.de\/index.php?rest_route=\/wp\/v2\/users\/1"}],"replies":[{"embeddable":true,"href":"https:\/\/grundschule-muehldorf.de\/index.php?rest_route=%2Fwp%2Fv2%2Fcomments&post=2365"}],"version-history":[{"count":2,"href":"https:\/\/grundschule-muehldorf.de\/index.php?rest_route=\/wp\/v2\/pages\/2365\/revisions"}],"predecessor-version":[{"id":2369,"href":"https:\/\/grundschule-muehldorf.de\/index.php?rest_route=\/wp\/v2\/pages\/2365\/revisions\/2369"}],"wp:attachment":[{"href":"https:\/\/grundschule-muehldorf.de\/index.php?rest_route=%2Fwp%2Fv2%2Fmedia&parent=2365"}],"curies":[{"name":"wp","href":"https:\/\/api.w.org\/{rel}","templated":true}]}}