{"id":539,"date":"2016-09-22T12:41:29","date_gmt":"2016-09-22T12:41:29","guid":{"rendered":"http:\/\/grundschule-muehldorf.de\/?page_id=539"},"modified":"2024-01-19T14:08:06","modified_gmt":"2024-01-19T13:08:06","slug":"schulberatung","status":"publish","type":"page","link":"http:\/\/grundschule-muehldorf.de\/?page_id=539","title":{"rendered":"Schulberatung"},"content":{"rendered":"<p>F\u00fcr unsere Schule sind folgende Beratungslehrkr\u00e4fte zu st\u00e4ndig:<\/p>\n<p><span style=\"text-decoration: underline;\"><strong>Beratungslehrerin<\/strong><\/span><\/p>\n<p><strong>Patricia Chakkour<\/strong>, Beratungslehrerin<\/p>\n<p>Grundschule an der Beethovenstra\u00dfe<br \/>\nBeethovenstra\u00dfe 3<br \/>\n84478 Waldkraiburg<\/p>\n<p>E-Mail: <u><a href=\"patricia.chakkour@schulen-waldkraiburg.de\">patricia.chakkour@schulen-waldkraiburg.de<\/a><\/u><\/p>\n<p>Telefon: 08638\/ 9593450<\/p>\n<p>Sprechstunde: nach Vereinbarung<\/p>\n<p><span style=\"text-decoration: underline;\"><strong>Staatliche Schulpsychologin und Inklusionsberatung<br \/>\n<\/strong><\/span><\/p>\n<p><strong>Michaela Semerad-Kronthaler<\/strong>, Beratungsrektorin<br \/>\nStaatliches Schulamt M\u00fchldorf<br \/>\nAm Kellerberg 9<br \/>\n84453 M\u00fchldorf a.Inn<br \/>\nE-Mail: <a href=\"mailto:m.semerad-kronthaler@lra-mue.de\">m.semerad-kronthaler@lra-mue.de<\/a><\/p>\n<p>Telefon: 0 86 31\/6 99-5 41<br \/>\nTelefonsprechstunde: Dienstag 8.30 &#8211; 10.00 Uhr<\/p>\n<p><span style=\"text-decoration: underline;\"><strong>Ansprechpartner bei Anzeichen von Depressionen bei Jugendlichen<\/strong><\/span><\/p>\n<p><a href=\"http:\/\/grundschule-muehldorf.de\/wp-content\/uploads\/2019\/12\/Ansprechpartner-bei-Anzeichen-von-Depressionen-bei-Jugendlichen-11-2019-hk.pdf\">Ansprechpartner bei Anzeichen von Depressionen bei Jugendlichen<\/a><\/p>\n","protected":false},"excerpt":{"rendered":"<p>F\u00fcr unsere Schule sind folgende Beratungslehrkr\u00e4fte zu st\u00e4ndig: Beratungslehrerin Patricia Chakkour, Beratungslehrerin Grundschule an der Beethovenstra\u00dfe Beethovenstra\u00dfe 3 84478 Waldkraiburg E-Mail: patricia.chakkour@schulen-waldkraiburg.de Telefon: 08638\/ 9593450 Sprechstunde: nach Vereinbarung Staatliche Schulpsychologin und Inklusionsberatung Michaela Semerad-Kronthaler,&#46;&#46;&#46;<\/p>\n","protected":false},"author":1,"featured_media":0,"parent":0,"menu_order":0,"comment_status":"closed","ping_status":"closed","template":"","meta":{"footnotes":""},"class_list":["post-539","page","type-page","status-publish","hentry"],"publishpress_future_action":{"enabled":false,"date":"2026-04-23 18:30:13","action":"change-status","newStatus":"draft","terms":[],"taxonomy":"","extraData":[]},"publishpress_future_workflow_manual_trigger":{"enabledWorkflows":[]},"_links":{"self":[{"href":"http:\/\/grundschule-muehldorf.de\/index.php?rest_route=\/wp\/v2\/pages\/539","targetHints":{"allow":["GET"]}}],"collection":[{"href":"http:\/\/grundschule-muehldorf.de\/index.php?rest_route=\/wp\/v2\/pages"}],"about":[{"href":"http:\/\/grundschule-muehldorf.de\/index.php?rest_route=\/wp\/v2\/types\/page"}],"author":[{"embeddable":true,"href":"http:\/\/grundschule-muehldorf.de\/index.php?rest_route=\/wp\/v2\/users\/1"}],"replies":[{"embeddable":true,"href":"http:\/\/grundschule-muehldorf.de\/index.php?rest_route=%2Fwp%2Fv2%2Fcomments&post=539"}],"version-history":[{"count":13,"href":"http:\/\/grundschule-muehldorf.de\/index.php?rest_route=\/wp\/v2\/pages\/539\/revisions"}],"predecessor-version":[{"id":7047,"href":"http:\/\/grundschule-muehldorf.de\/index.php?rest_route=\/wp\/v2\/pages\/539\/revisions\/7047"}],"wp:attachment":[{"href":"http:\/\/grundschule-muehldorf.de\/index.php?rest_route=%2Fwp%2Fv2%2Fmedia&parent=539"}],"curies":[{"name":"wp","href":"https:\/\/api.w.org\/{rel}","templated":true}]}}