{"id":1023,"date":"2017-05-08T11:57:47","date_gmt":"2017-05-08T11:57:47","guid":{"rendered":"http:\/\/grundschule-muehldorf.de\/?page_id=1023"},"modified":"2023-11-13T14:29:56","modified_gmt":"2023-11-13T13:29:56","slug":"geschichte-unserer-schule","status":"publish","type":"page","link":"http:\/\/grundschule-muehldorf.de\/?page_id=1023","title":{"rendered":"Geschichte unserer Schule"},"content":{"rendered":"<p><em>Text: Maria-Luise Sondermaier, Lehrerin a.D.<br \/>\nFotos: Stadtarchiv M\u00fchldorf a. Inn<\/em><\/p>\n<p><img loading=\"lazy\" decoding=\"async\" class=\"alignnone size-medium wp-image-1039\" src=\"http:\/\/grundschule-muehldorf.de\/wp-content\/uploads\/2017\/05\/Klassenphoto-um-1920-300x222.jpg\" alt=\"\" width=\"300\" height=\"222\" srcset=\"http:\/\/grundschule-muehldorf.de\/wp-content\/uploads\/2017\/05\/Klassenphoto-um-1920-300x222.jpg 300w, http:\/\/grundschule-muehldorf.de\/wp-content\/uploads\/2017\/05\/Klassenphoto-um-1920-768x567.jpg 768w, http:\/\/grundschule-muehldorf.de\/wp-content\/uploads\/2017\/05\/Klassenphoto-um-1920-360x266.jpg 360w, http:\/\/grundschule-muehldorf.de\/wp-content\/uploads\/2017\/05\/Klassenphoto-um-1920.jpg 979w\" sizes=\"auto, (max-width: 300px) 100vw, 300px\" \/><\/p>\n<p>M\u00fchldorf blickt auf eine lange Schultradition zur\u00fcck. Bis ins 13. Jahrhundert lassen sich die Quellen zur\u00fcckverfolgen. Neben den Dom- und Klosterschulen und den Bildungseinrichtungen in den Residenzst\u00e4dten gab es in Altbayern nur ganz wenige Orte, die ihren Kindern eine solide Ausbildung gew\u00e4hrten, so wie M\u00fchldorf. Zeitweise studierten f\u00fcnfzig Prozent der B\u00fcrgerskinder an Wiens Universit\u00e4t.<\/p>\n<p>Mit der Reformation und den anschlie\u00dfenden Kriegswirren trat der Wille zur Bildung in den Hintergrund. Manche Geb\u00e4ude in unserer Stadt erinnern uns noch heute an die deutsche- und die Lateinschule.<br \/>\nNennen wir nur die letzten H\u00e4user in M\u00fchldorfs Schulgeschichte, die so mancher Einwohner noch kennt:<\/p>\n<table style=\"width: 630px;\">\n<tbody>\n<tr>\n<td style=\"width: 357px;\"><em>fr\u00fcher<\/em><\/td>\n<td style=\"width: 257px;\"><em>heute<\/em><\/td>\n<\/tr>\n<tr>\n<td style=\"width: 357px;\">die Oberrealschule (das Gymnasium)<\/td>\n<td style=\"width: 257px;\">Caritas-Altenheim am Kirchenplatz<\/td>\n<\/tr>\n<tr>\n<td style=\"width: 357px;\">das erste Knabenschulhaus (Postschule)<\/td>\n<td style=\"width: 257px;\">H&amp;M am Stadtplatz<\/td>\n<\/tr>\n<tr>\n<td style=\"width: 357px;\">die M\u00e4dchenschule mit Anstalt (Kindergarten)<\/td>\n<td style=\"width: 257px;\">Theresia-Gerhardinger- Kindergarten am Stadtplatz<\/td>\n<\/tr>\n<tr>\n<td style=\"width: 357px;\">die neuere Knabenschule, sp\u00e4ter Berufsschule, dann Grundschule<\/td>\n<td style=\"width: 257px;\">Musikschule an der Luitpoldallee<\/td>\n<\/tr>\n<tr>\n<td style=\"width: 357px;\">das Zentralschulhaus<\/td>\n<td style=\"width: 257px;\">Ganztagesschule an der Luitpoldallee, Teil der Grundschule<\/td>\n<\/tr>\n<tr>\n<td style=\"width: 357px;\">die Volksschule f\u00fcr M\u00e4dchen (sp\u00e4ter Hauptschule)<\/td>\n<td style=\"width: 257px;\">Sitz und Hauptgeb\u00e4ude der Grundschule M\u00fchldorf-Altm\u00fchldorf an der Konrad-Adenauer-Stra\u00dfe<\/td>\n<\/tr>\n<tr>\n<td style=\"width: 357px;\">die Volksschule in Altm\u00fchldorf<\/td>\n<td style=\"width: 257px;\">Teil der M\u00fchldorfer Grundschule<\/td>\n<\/tr>\n<\/tbody>\n<\/table>\n<p><img loading=\"lazy\" decoding=\"async\" class=\"alignnone size-medium wp-image-1034\" src=\"http:\/\/grundschule-muehldorf.de\/wp-content\/uploads\/2017\/05\/Oberrealschule-am_Kirchenplatz_1923-215x300.jpg\" alt=\"\" width=\"215\" height=\"300\" srcset=\"http:\/\/grundschule-muehldorf.de\/wp-content\/uploads\/2017\/05\/Oberrealschule-am_Kirchenplatz_1923-215x300.jpg 215w, http:\/\/grundschule-muehldorf.de\/wp-content\/uploads\/2017\/05\/Oberrealschule-am_Kirchenplatz_1923-193x270.jpg 193w, http:\/\/grundschule-muehldorf.de\/wp-content\/uploads\/2017\/05\/Oberrealschule-am_Kirchenplatz_1923.jpg 514w\" sizes=\"auto, (max-width: 215px) 100vw, 215px\" \/> <em>Oberrealschule im Jahr 1923<\/em><\/p>\n<p><img loading=\"lazy\" decoding=\"async\" class=\"alignnone size-medium wp-image-1031\" src=\"http:\/\/grundschule-muehldorf.de\/wp-content\/uploads\/2017\/05\/Knabenschule-1930-300x199.jpg\" alt=\"\" width=\"300\" height=\"199\" srcset=\"http:\/\/grundschule-muehldorf.de\/wp-content\/uploads\/2017\/05\/Knabenschule-1930-300x199.jpg 300w, http:\/\/grundschule-muehldorf.de\/wp-content\/uploads\/2017\/05\/Knabenschule-1930-768x509.jpg 768w, http:\/\/grundschule-muehldorf.de\/wp-content\/uploads\/2017\/05\/Knabenschule-1930-360x238.jpg 360w, http:\/\/grundschule-muehldorf.de\/wp-content\/uploads\/2017\/05\/Knabenschule-1930.jpg 992w\" sizes=\"auto, (max-width: 300px) 100vw, 300px\" \/> <em>Knabenschule im Jahr 1930<\/em><\/p>\n<p><img loading=\"lazy\" decoding=\"async\" class=\"alignnone size-medium wp-image-1033\" src=\"http:\/\/grundschule-muehldorf.de\/wp-content\/uploads\/2017\/05\/Postschule-1930-300x205.jpg\" alt=\"\" width=\"300\" height=\"205\" srcset=\"http:\/\/grundschule-muehldorf.de\/wp-content\/uploads\/2017\/05\/Postschule-1930-300x205.jpg 300w, http:\/\/grundschule-muehldorf.de\/wp-content\/uploads\/2017\/05\/Postschule-1930-768x526.jpg 768w, http:\/\/grundschule-muehldorf.de\/wp-content\/uploads\/2017\/05\/Postschule-1930-360x246.jpg 360w, http:\/\/grundschule-muehldorf.de\/wp-content\/uploads\/2017\/05\/Postschule-1930.jpg 834w\" sizes=\"auto, (max-width: 300px) 100vw, 300px\" \/> <em>Postschule im Jahr 1930<\/em><\/p>\n<p><img loading=\"lazy\" decoding=\"async\" class=\"alignnone size-medium wp-image-1032\" src=\"http:\/\/grundschule-muehldorf.de\/wp-content\/uploads\/2017\/05\/M\u00e4dchenschule-1952-300x206.jpg\" alt=\"\" width=\"300\" height=\"206\" srcset=\"http:\/\/grundschule-muehldorf.de\/wp-content\/uploads\/2017\/05\/M\u00e4dchenschule-1952-300x206.jpg 300w, http:\/\/grundschule-muehldorf.de\/wp-content\/uploads\/2017\/05\/M\u00e4dchenschule-1952-768x528.jpg 768w, http:\/\/grundschule-muehldorf.de\/wp-content\/uploads\/2017\/05\/M\u00e4dchenschule-1952-360x247.jpg 360w, http:\/\/grundschule-muehldorf.de\/wp-content\/uploads\/2017\/05\/M\u00e4dchenschule-1952.jpg 889w\" sizes=\"auto, (max-width: 300px) 100vw, 300px\" \/> <em>M\u00e4dchenschule im Jahr 1952<\/em><\/p>\n<p>Geschichtlicher \u00dcberblick zu den einzelnen Geb\u00e4uden:<\/p>\n<p><span style=\"text-decoration: underline;\"><strong>Das Zentralschulhaus<\/strong><\/span><\/p>\n<p><img loading=\"lazy\" decoding=\"async\" class=\"alignnone size-full wp-image-1037\" src=\"http:\/\/grundschule-muehldorf.de\/wp-content\/uploads\/2017\/05\/Zentralschulhaus-1935.jpg\" alt=\"\" width=\"896\" height=\"642\" srcset=\"http:\/\/grundschule-muehldorf.de\/wp-content\/uploads\/2017\/05\/Zentralschulhaus-1935.jpg 896w, http:\/\/grundschule-muehldorf.de\/wp-content\/uploads\/2017\/05\/Zentralschulhaus-1935-300x215.jpg 300w, http:\/\/grundschule-muehldorf.de\/wp-content\/uploads\/2017\/05\/Zentralschulhaus-1935-768x550.jpg 768w, http:\/\/grundschule-muehldorf.de\/wp-content\/uploads\/2017\/05\/Zentralschulhaus-1935-360x258.jpg 360w\" sizes=\"auto, (max-width: 896px) 100vw, 896px\" \/><br \/>\n<em>Zentralschulhaus 1935<\/em><\/p>\n<ul>\n<li>errichtet 1927<\/li>\n<li>nur der Mittelbau wurde vollendet<\/li>\n<li>das Haus sollte Platz f\u00fcr 18 M\u00e4dchen- und 18 Knabenklassen bereitstellen (war auch f\u00fcr berufliche Bildung zust\u00e4ndig)<\/li>\n<li>die beiden Anbauten und die zwei Seitenfl\u00fcgel, wie auch die Pausen- und die Turnhalle mit Brausebad konnte die Stadt aus Geldmangel nicht errichten<\/li>\n<li>nach dem letzten Krieg baute man an dieses Geb\u00e4ude eine Baracke an, die sp\u00e4ter einem Anbau wich<\/li>\n<li>1975 Umbau nach einem Gro\u00dfbrand<\/li>\n<li>2011 Umbau zur Ganztagesschule mit Aufzug, Gruppenr\u00e4umen, Spiel- und Ruhezimmern, Mensa und Computerraum<\/li>\n<\/ul>\n<p><span style=\"text-decoration: underline;\"><strong>Die Grundschule in Altm\u00fchldorf<\/strong><\/span><\/p>\n<p><img loading=\"lazy\" decoding=\"async\" class=\"alignnone size-full wp-image-1036\" src=\"http:\/\/grundschule-muehldorf.de\/wp-content\/uploads\/2017\/05\/Schule-Altm\u00fchldorf-1951.jpg\" alt=\"\" width=\"620\" height=\"430\" srcset=\"http:\/\/grundschule-muehldorf.de\/wp-content\/uploads\/2017\/05\/Schule-Altm\u00fchldorf-1951.jpg 620w, http:\/\/grundschule-muehldorf.de\/wp-content\/uploads\/2017\/05\/Schule-Altm\u00fchldorf-1951-300x208.jpg 300w, http:\/\/grundschule-muehldorf.de\/wp-content\/uploads\/2017\/05\/Schule-Altm\u00fchldorf-1951-360x250.jpg 360w\" sizes=\"auto, (max-width: 620px) 100vw, 620px\" \/><br \/>\n<em>Schule Altm\u00fchldorf im Jahr 1951<\/em><\/p>\n<p>Urspr\u00fcnglich besuchten alle Altm\u00fchldorfer Kinder die Volksschulen in M\u00fchldorf.<br \/>\nDie Nachkriegszeit mit ihrem Bev\u00f6lkerungszuwachs durch Vertriebenen- und Fl\u00fcchtlingsstr\u00f6me ver\u00e4nderte die Schulsituation. 1950 ging man den Bau einer eigenen Volksschule an.<br \/>\nBereits 1951 fand die feierliche Einweihung der modernsten Landschule im weiten Umkreis statt. 3 bis 4 Lehrer unterrichteten die Sch\u00fcler. Mehrere Jahrg\u00e4nge befanden sich in einem Klassenraum.<br \/>\nBereits 1957 zwang ein Sch\u00fclerzuwachs zu einem Erweiterungsanbau. Mit Mettenheim schloss die damalige Gemeinde Altm\u00fchldorf einen Schulverband, um in Jahrgangsklassen unterrichten zu k\u00f6nnen.<br \/>\nAb 1969 besuchten die Hauptsch\u00fcler Altm\u00fchldorfs wieder die Hauptschule in M\u00fchldorf. Altm\u00fchldorf besa\u00df jetzt nur noch eine Grundschule.<br \/>\n1974 weihte die Gemeinde Altm\u00fchldorf die Schulturnhalle, den Allwetterplatz, die Aula und weitere Funktionsr\u00e4ume ein.<br \/>\n2004 verlor die Altm\u00fchldorfer Grundschule ihre Eigenst\u00e4ndigkeit, nicht jedoch ihre moderne Ausstattung. Die Leitung \u00fcbernahm der Rektor bzw. die Rektorin der Grundschule M\u00fchldorf-Altm\u00fchldorf.<\/p>\n<p><span style=\"text-decoration: underline;\"><strong>Das Hauptgeb\u00e4ude der Grundschule M\u00fchldorf-Altm\u00fchldorf an der Konrad-Adenauer-Stra\u00dfe<\/strong><\/span><\/p>\n<p>Das Anwachsen der Sch\u00fclerzahlen zwang auch die Stadt M\u00fchldorf einen Schulhausneubau in Angriff zu nehmen. Die Sch\u00fcler wurden bis dahin im Schichtunterricht beschult. Immer zwei Lehrer teilten sich ein Klassenzimmer.<br \/>\nIm August 1965 war es endlich so weit, die neue Volksschule f\u00fcr M\u00e4dchen konnte eingeweiht werden. Der damals hochmoderne Bau bot Platz f\u00fcr zw\u00f6lf Schulklassen. Die Zeit der Postschule, der Klosterschule und der Gartenschule geh\u00f6rte endg\u00fcltig der Vergangenheit an.<br \/>\nSchon damals stand auf dem Plan die Errichtung der Turnhalle und die gro\u00dfz\u00fcgige Gestaltung der Sportanlagen und der Pausenhofgestaltung.<br \/>\nNach der Trennung in Grund- und Hauptschulen zog in dieses Geb\u00e4ude die Hauptschule ein. Die Grundschule f\u00fcr M\u00e4dchen \u00fcbernahm das Geb\u00e4ude der heutigen Musikschule und die Grundschule f\u00fcr Knaben, bis zur Zusammenlegung der beiden Schulen, das Zentralschulhaus.<br \/>\nDa vor ein paar Jahren die Hauptschule (Mittelschule) nach M\u00fchldorf-Nord \u00fcbersiedelte, wurde das Geb\u00e4ude an der Konrad-Adenauer-Stra\u00dfe nach einer gr\u00fcndlichen Renovierung und Modernisierung frei f\u00fcr die Grundschule.<br \/>\nEine so lange Schulgeschichte eines Ortes ist \u00e4u\u00dferst interessant aber auch daher ein bisschen verwirrend.<\/p>\n<p>Herzlichen Dank dem Stadtarchiv und dem M\u00fchldorfer Anzeiger f\u00fcr die Unterst\u00fctzung!<\/p>\n","protected":false},"excerpt":{"rendered":"<p>Text: Maria-Luise Sondermaier, Lehrerin a.D. Fotos: Stadtarchiv M\u00fchldorf a. Inn M\u00fchldorf blickt auf eine lange Schultradition zur\u00fcck. Bis ins 13. Jahrhundert lassen sich die Quellen zur\u00fcckverfolgen. Neben den Dom- und Klosterschulen und den Bildungseinrichtungen&#46;&#46;&#46;<\/p>\n","protected":false},"author":1,"featured_media":0,"parent":0,"menu_order":0,"comment_status":"closed","ping_status":"closed","template":"","meta":{"footnotes":""},"class_list":["post-1023","page","type-page","status-publish","hentry"],"publishpress_future_action":{"enabled":false,"date":"2026-05-21 21:05:03","action":"change-status","newStatus":"draft","terms":[],"taxonomy":"","extraData":[]},"publishpress_future_workflow_manual_trigger":{"enabledWorkflows":[]},"_links":{"self":[{"href":"http:\/\/grundschule-muehldorf.de\/index.php?rest_route=\/wp\/v2\/pages\/1023","targetHints":{"allow":["GET"]}}],"collection":[{"href":"http:\/\/grundschule-muehldorf.de\/index.php?rest_route=\/wp\/v2\/pages"}],"about":[{"href":"http:\/\/grundschule-muehldorf.de\/index.php?rest_route=\/wp\/v2\/types\/page"}],"author":[{"embeddable":true,"href":"http:\/\/grundschule-muehldorf.de\/index.php?rest_route=\/wp\/v2\/users\/1"}],"replies":[{"embeddable":true,"href":"http:\/\/grundschule-muehldorf.de\/index.php?rest_route=%2Fwp%2Fv2%2Fcomments&post=1023"}],"version-history":[{"count":8,"href":"http:\/\/grundschule-muehldorf.de\/index.php?rest_route=\/wp\/v2\/pages\/1023\/revisions"}],"predecessor-version":[{"id":6896,"href":"http:\/\/grundschule-muehldorf.de\/index.php?rest_route=\/wp\/v2\/pages\/1023\/revisions\/6896"}],"wp:attachment":[{"href":"http:\/\/grundschule-muehldorf.de\/index.php?rest_route=%2Fwp%2Fv2%2Fmedia&parent=1023"}],"curies":[{"name":"wp","href":"https:\/\/api.w.org\/{rel}","templated":true}]}}